{"id":9,"date":"2021-07-22T15:31:09","date_gmt":"2021-07-22T15:31:09","guid":{"rendered":"https:\/\/had.no\/ninka\/?page_id=9"},"modified":"2021-07-22T15:31:09","modified_gmt":"2021-07-22T15:31:09","slug":"hjem","status":"publish","type":"page","link":"https:\/\/had.no\/ninka\/","title":{"rendered":"Hjem"},"content":{"rendered":"\n<p>Velkommen til siden! Dette er hjemmesiden, som er det de fleste bes\u00f8kende vil se n\u00e5r de kommer til siden din for f\u00f8rste gang.<\/p>\n","protected":false},"excerpt":{"rendered":"<p>Velkommen til siden! Dette er hjemmesiden, som er det de fleste bes\u00f8kende vil se n\u00e5r de kommer til siden din for f\u00f8rste gang.<\/p>\n","protected":false},"author":1,"featured_media":0,"parent":0,"menu_order":0,"comment_status":"closed","ping_status":"closed","template":"","meta":{"footnotes":""},"class_list":["post-9","page","type-page","status-publish","hentry"],"_links":{"self":[{"href":"https:\/\/had.no\/ninka\/wp-json\/wp\/v2\/pages\/9","targetHints":{"allow":["GET"]}}],"collection":[{"href":"https:\/\/had.no\/ninka\/wp-json\/wp\/v2\/pages"}],"about":[{"href":"https:\/\/had.no\/ninka\/wp-json\/wp\/v2\/types\/page"}],"author":[{"embeddable":true,"href":"https:\/\/had.no\/ninka\/wp-json\/wp\/v2\/users\/1"}],"replies":[{"embeddable":true,"href":"https:\/\/had.no\/ninka\/wp-json\/wp\/v2\/comments?post=9"}],"version-history":[{"count":1,"href":"https:\/\/had.no\/ninka\/wp-json\/wp\/v2\/pages\/9\/revisions"}],"predecessor-version":[{"id":13,"href":"https:\/\/had.no\/ninka\/wp-json\/wp\/v2\/pages\/9\/revisions\/13"}],"wp:attachment":[{"href":"https:\/\/had.no\/ninka\/wp-json\/wp\/v2\/media?parent=9"}],"curies":[{"name":"wp","href":"https:\/\/api.w.org\/{rel}","templated":true}]}}